*z - 2393. Determine i(1).
-86
Let b(p) = -3*p**2 - 7*p + 20. Give b(2).
-6
Let m(w) = -w**2 + 114*w - 329. Determine m(3).
4
Let u(n) = -n**2 - 7*n + 9. Give u(-9).
-9
Let c(y) = -2043*y + 110327. What is c(54)?
5
Let z(v) = -v**3 - 88*v**2 - 1540*v - 31. What is z(-24)?
65
Let r(h) = 24*h**2 + 231*h - 29. What is r(-10)?
61
Let x(v) = 2*v**3 - 35*v**2 - 13*v - 62. What is x(18)?
28
Let q(r) = r**2 - 10*r - 416. Calculate q(-17).
43
Let m(s) = -112*s + 3150. Give m(28).
14
Let n(l) = -3*l**3 - 202*l**2 - 74*l - 487. Calculate n(-67).
-18
Let r(b) = b**3 + 6*b**2 + 3*b + 35. Determine r(-7).
-35
Let m(v) = -6*v + 236. Determine m(53).
-82
Let b(r) = 5*r**2 + 2*r - 17. Calculate b(4).
71
Let v(j) = -1166*j + 3501. Determine v(3).
3
Let d(w) = w**2 + 157*w + 6123. Give d(-86).
17
Let g(q) = 60*q - 27. Calculate g(4).
213
Let o(p) = -2*p**3 - 66*p**2 + 2*p + 67. Give o(-33).
1
Let x(o) = o**3 + 17*o**2 - 37*o - 68. Give x(-19).
-87
Let z(q) = -5*q**2 - 1189*q - 19780. What is z(-18)?
2
Let x(i) = 8*i**2 + 238*i - 53. What is x(-30)?
7
Let c(v) = -2*v**3 + 61*v**2 - 27*v - 96. Calculate c(30).
-6
Let q(v) = v**3 - 2*v**2 + 71*v + 151. What is q(-2)?
-7
Let a(h) = 16*h**2 - 5*h - 18. What is a(-3)?
141
Let v(g) = 2*g**3 - 25*g**2 - 41*g + 59. Give v(14).
73
Let x(i) = 40*i**2 - 38*i + 1. Determine x(2).
85
Let x(j) = -271*j - 282. Calculate x(-1).
-11
Let t(n) = -11*n**3 + 3*n**2 + 21*n + 34. Calculate t(-2).
92
Let h(c) = -c**2 - 28*c - 83. What is h(-22)?
49
Let f(z) = -2713*z + 27133. Calculate f(10).
3
Let l(b) = b**3 + 21*b**2 + 155*b + 456. What is l(-10)?
6
Let t(p) = -p**2 - 99*p + 40186. Give t(-256).
-6
Let w(k) = -24*k - 115. Give w(-10).
125
Let r(o) = 2*o**2 - 383*o + 13598. Determine r(47).
15
Let o(r) = 7*r**2 - 18*r + 59. Calculate o(10).
579
Let t(w) = -9*w**3 + 3*w**2 + 9*w + 8. Calculate t(-2).
74
Let o(y) = y**2 - 21*y + 3. Calculate o(27).
165
Let l(y) = -18*y - 187. Calculate l(-12).
29
Let l(g) = -7*g**2 + 517*g + 578. Calculate l(75).
-22
Let m(d) = -377*d + 1628. Calculate m(5).
-257
Let x(v) = -v**3 - 1072*v**2 + 3224*v - 2. Calculate x(3).
-5
Let h(x) = -6*x**2 + 281*x - 239. Calculate h(46).
-9
Let h(z) = -z**3 - 18*z**2 + 41*z + 16. What is h(-20)?
-4
Let j(q) = 811*q + 24330. What is j(-30)?
0
Let n(h) = h**2 + 3*h - 55. Determine n(-8).
-15
Let f(q) = 194*q - 2075. Determine f(13).
447
Let h(w) = 2*w**2 - 7*w + 4. Calculate h(2).
-2
Let j(h) = -304*h + 14293. Give j(47).
5
Let u(v) = -544*v + 2708. Give u(5).
-12
Let j(o) = 44*o**2 + 5*o - 12. Calculate j(-4).
672
Let x(d) = -4*d + 110. Give x(-2).
118
Let f(l) = 16*l - 2132. Calculate f(133).
-4
Let x(n) = -2*n**3 + 44*n**2 - 28*n + 2. What is x(21)?
296
Let g(a) = -4*a**2 + 17*a + 15. Calculate g(5).
0
Let m(c) = -3*c**2 - 238*c - 3037. Give m(-16).
3
Let g(b) = -70*b - 354. What is g(-5)?
-4
Let r(b) = -11*b**2 + 2*b - 6. Calculate r(3).
-99
Let w(u) = -1444*u + 8654. Determine w(6).
-10
Let l(z) = -2*z**2 + 23*z + 128. Give l(-4).
4
Let i(o) = 2*o**3 + 345*o**2 + 175*o + 524. Determine i(-172).
8
Let y(x) = -2*x**3 + 269*x**2 - 2481*x - 70. Determine y(10).
20
Let m(z) = 5*z**2 + 791*z + 3239. Determine m(-154).
5
Let u(c) = -223*c - 5809. Give u(-26).
-11
Let c(t) = -t**2 + 14*t + 51. Give c(16).
19
Let o(b) = -7*b**2 + 47*b + 143. Give o(9).
-1
Let h(v) = 12*v**2 - 17*v - 47. Calculate h(-4).
213
Let p(t) = -167*t**2 + 362*t + 413. Calculate p(3).
-4
Let u(h) = 446*h - 4900. Give u(11).
6
Let a(w) = -7*w + 563. Calculate a(60).
143
Let a(l) = l**3 + 16*l**2 + 9*l - 105. Determine a(-14).
161
Let z(p) = -3*p**3 + 9*p**2 - 8*p + 1. Determine z(3).
-23
Let x(p) = p**3 + 10*p**2 + 23*p + 131. Calculate x(-9).
5
Let k(h) = -h**3 - 11*h**2 - 22*h - 32. Calculate k(-11).
210
Let p(r) = -2*r**2 + 7*r + 18. Calculate p(15).
-327
Let j(i) = -i**3 + 32*i**2 - 23*i - 80. What is j(31)?
168
Let a(j) = 32*j - 4629. Determine a(145).
11
Let z(y) = 24*y + 245. Give z(-15).
-115
Let t(x) = -60*x - 282. Determine t(-5).
18
Let c(t) = -t**3 + 4*t**2 + 175*t + 55. What is c(16)?
-217
Let q(u) = 73*u**2 - 23*u - 24. Calculate q(-1).
72
Let w(x) = x**3 - 20*x**2 + 7*x - 53. Determine w(20).
87
Let s(u) = u**3 - u**2 - 114*u - 207. Determine s(-9).
9
Let w(s) = -12*s**2 - 239*s + 254. What is w(-21)?
-19
Let u(n) = -2*n**3 + 16*n**2 - 13*n - 30. What is u(7)?
-23
Let r(b) = -b**3 + b**2 + 10*b - 11. Determine r(3).
1
Let j(i) = -30*i - 283. Calculate j(-11).
47
Let a(h) = -10991*h + 65949. Determine a(6).
3
Let i(r) = -r**3 - 79*r**2 - 1172*r + 458. Calculate i(-59).
-14
Let y(f) = -f**2 - 52*f - 297. What is y(-43)?
90
Let i(t) = t**2 - 346*t + 29578. Calculate i(154).
10
Let y(n) = 3*n**2 + 681*n + 5254. Calculate y(-219).
-2
Let k(u) = -2*u**2 + 4*u + 89. What is k(-6)?
-7
Let y(w) = -7*w**2 - 6*w - 98. Give y(0).
-98
Let z(p) = p**3 + 6*p**2 + 13*p + 2. Determine z(-6).
-76
Let f(o) = -2*o**2 - 97*o - 808. Calculate f(-36).
92
Let w(g) = -430*g - 3038. What is w(-7)?
-28
Let h(g) = -g**3 - 25*g**2 + 1096*g + 165. Give h(23).
-19
Let x(r) = 25*r**3 + 133*r**2 + 32*r - 40. Determine x(-5).
0
Let n(s) = -115*s - 6937. What is n(-60)?
-37
Let o(t) = 40573*t + 284003. What is o(-7)?
-8
Let b(l) = -12*l + 52. What is b(0)?
52
Let i(y) = -y**2 + 14*y + 35. Determine i(19).
-60
Let v(l) = -l**3 + 4*l**2 + 30*l - 101. Determine v(5).
24
Let y(o) = o**3 + 16*o**2 + 36*o + 23. Calculate y(-14).
-89
Let f(b) = 36*b + 12. Give f(8).
300
Let k(f) = 8*f - 220. Determine k(25).
-20
Let r(q) = -2*q**3 + 25*q**2 - 37*q + 26. What is r(10)?
156
Let k(f) = -4*f**3 + f**2 + 11*f - 4. Determine k(2).
-10
Let q(c) = 531*c + 5314. What is q(-10)?
4
Let r(c) = -c**3 + 4*c**2 + 5*c - 30. Calculate r(5).
-30
Let i(x) = 28*x + 167. Give i(-9).
-85
Let z(p) = -2*p - 173. Calculate z(-29).
-115
Let f(o) = 12*o**3 + 45*o**2 - 5*o - 14. Determine f(-4).
-42
Let s(d) = 29*d - 1829. What is s(63)?
-2
Let i(n) = n**2 - 1232*n + 8571. Give i(7).
-4
Let y(n) = -n**2 + 22*n - 86. Give y(20).
-46
Let a(c) = -58*c + 3240. Calculate a(56).
-8
Let h(p) = 7*p**2 - 53*p + 3. Determine h(6).
-63
Let y(j) = 2*j**2 + 7*j + 13. What is y(-5)?
28
Let y(j) = j**2 - 37*j + 247. Calculate y(12).
-53
Let t(i) = 11*i**2 - 9*i + 11. What is t(2)?
37
Let f(k) = 133*k - 15915. Calculate f(120).
45
Let d(t) = 40*t - 3017. Give d(75).
-17
Let x(k) = -7*k**2 + 170*k - 16. Give x(27).
-529
Let w(m) = -m**3 - 19*m**2 - 63*m + 245. Calculate w(-9).
2
Let b(c) = c**2 - 2082*c - 4164. What is b(-2)?
4
Let u(n) = -5*n - 131. Give u(-30).
19
Let x(i) = -138*i + 457. Give x(3).
43
Let g(i) = -i**3 + 6*i**2 + 4*i - 29. Determine g(4).
19
Let d(j) = 11*j**2 - 410*j + 1551. Calculate d(33).
0
Let i(r) = -6*r - 231. What is i(-24)?
-87
Let b(x) = -5*x**3 - 4*x**2 + 5*x + 82. Give b(-6).
988
Let l(v) = -114*v + 964. Determine l(9).
-62
Let a(c) = -4*c**2 + 193*c + 44. Determine a(47).
279
Let i(t) = -t**3 - 164*t**2 - 325*t - 196. Calculate i(-162).
-34
Let f(v) = -2415*v - 84547. What is f(-35)?
-22
Let s(c) = -2*c**2 + 14*c + 2. Give s(0).
2
Let p(j) = 36*j - 296. Determine p(7).
-44
Let g(t) = 2*t**2 - 14*t - 3786. Determine g(-40).
-26
Let r(h) = -h**3 + 4*h**2 - 65*h + 183. Give r(3).
-3
Let s(c) = 209*c + 5631. Determine s(-27).
-12
Let s(h) = h**2 - 226*h - 5706. What is s(-23)?
21
Let o(i) = -86*i**2 - 338*i + 23. What is o(-4)?
-1
Let c(f) = 3*f**2 + 114*f - 125. Calculate c(-39).
-8
Let o(v) = -v**2 + 233*v - 11797. What is o(159)?
-31
Let j(w) = -462*w + 11017. Determine j(24).
-71
Let d(y) = y**2 + 5*y - 235. Determine d(0).
-235
Let o(i) = -2*i**2 - 70*i - 7. What is o(0)?
-7
Let p(d) = d**2 - 32*d + 5. Give p(0).
5
Let m(u) = -156*u + 4839. Calculate m(31).
3
Let o(p) = 234*p + 891. Determine o(-4).
-45
Let f(d) = 24*d - 487. Determine f(20).
-7
Let c(i) = i**3 - 12*i**2 - 2*i + 246. What is c(13)?
389
Let k(a) = 8*a**2 + a + 1. Give k(0).
1
Let q(m) = m**2 - 138*m + 4666. Determine q(59).
5
Let z(t) = 7*t**2 - 557*t - 3599. Determine z(-6).
-5
Let x(l) = -l**3 + 24*l**2 + 51*l - 675. Give x(25).
-25
Let t(x) = -x**3 + 14*x**2 + 10*x + 60. Determine t(15).
-15
Let j(k) = 46*k**3 + 1704*k**2 + 79*k + 186. Determine j(-37).
1
Let q(c) = 84*c + 1339. What is q(-16)?
-5
Let w(z) = 69*z - 17. Determine w(4).
259
Let a(b) = -898*b + 1783. 